q - 2*q = -m. What are the prime factors of q?
29
Let k be (-41)/(-4 + (2 - -1)). Let y = -1 - k. Let o = 63 + y. List the prime factors of o.
3, 7
Let x be (-4 - -1)/((-12)/100). Suppose 3*q - x = 3*h + 47, 4*q = -5*h + 105. What are the prime factors of q?
5
List the prime factors of -3 + 2098 - (39 - 30).
2, 7, 149
Let j(o) = 397*o. List the prime factors of j(1).
397
List the prime factors of (-1)/(2 + (-114881)/57434).
2, 47
What are the prime factors of (-101)/(-2) - ((-819)/(-42) + -17)?
2, 3
Let w(n) = 2*n**2 - 3*n - 2. Let l(i) = i + 7. Let z(x) = x + 7. Let b(m) = 4*l(m) - 5*z(m). Let r be b(-11). List the prime factors of w(r).
2, 3
Suppose 29*q - 17353 = -3404. List the prime factors of q.
13, 37
Let m = 282 - 47. List the prime factors of m.
5, 47
Let j(z) = -z**2 - 2*z - 5. Let i be j(-4). Let r = i + 37. Let k = r + -14. List the prime factors of k.
2, 5
Let t be 5 - (3 - 1) - 0. Suppose -5*c = 3*s + s - 304, 3*c + t*s = 183. Let a = 133 - c. List the prime factors of a.
73
Suppose 5*a + 5*g - 5 = -0, -2*g = a. Suppose -a*j = o - 233, -3*j + o + 56 = -281. What are the prime factors of j?
2, 3, 19
Let l(g) = 79*g**2 - 3*g - 2. List the prime factors of l(-1).
2, 5
Let j(l) be the first derivative of -13*l**2/2 - 4*l + 1. Let z(g) = g**2 - 4*g. Let u be z(3). List the prime factors of j(u).
5, 7
Suppose -11 + 31 = 2*p. Let x be (4/p)/((-6)/(-30)). Suppose 30 = x*a - 38. What are the prime factors of a?
2, 17
Let p be 2 + (-12)/8 + (-3)/6. Suppose -3*u + 323 - 83 = p. What are the prime factors of u?
2, 5
Let r = 2 - -13. Suppose 4*w + r = 3*d, -d - 4*d + 25 = 0. Suppose w = -3*f + 5*h - 3*h + 74, 23 = f + h. What are the prime factors of f?
2, 3
Let k(g) be the third derivative of -10*g**4 - 2*g**3/3 - 2*g**2 + 29. List the prime factors of k(-1).
2, 59
Let m = 5 - 4. Let o = -4 + 6. Let w = m + o. List the prime factors of w.
3
Let i = -6 - 28. Let y = 36 + i. Suppose l + y*l = 138. List the prime factors of l.
2, 23
Suppose 32 = 5*s + 2*x, -2*s + 2*x + 3*x = -7. What are the prime factors of (2/s)/(10/690)?
23
Suppose 20480 = 60*r - 40*r. List the prime factors of r.
2
Let m be 7/(-3) - 1/(-3). What are the prime factors of m/(-13) - (-2176)/52?
2, 3, 7
Let k(n) = -1143*n**3 + 2*n**2 + 3*n + 1. What are the prime factors of k(-1)?
3, 127
Let y = -191 + 128. Let u = -15 - y. Suppose u = 8*d - 4*d. What are the prime factors of d?
2, 3
Suppose -15*n + 13*n = -18. List the prime factors of n/(-15) - 1512/(-45).
3, 11
Suppose -h - 5*k = -1075, 12*h + 5*k - 4240 = 8*h. List the prime factors of h.
5, 211
Suppose 0 = -2*z + 14 - 46. Let o = z - -13. Let x = 5 - o. List the prime factors of x.
2
Suppose 2*n = 2*m, -5*n + n = -5*m + 5. Suppose 0 = n*q + 210 - 30. What are the prime factors of (-534)/(-27) + (-8)/q?
2, 5
Suppose 121628 = 19*t + 33*t. List the prime factors of t.
2339
Suppose -4*f + 13*f = 11340. List the prime factors of f.
2, 3, 5, 7
Let b(l) = -l**2 + 96. Let k be b(0). Suppose k = o + 3*o - 4*x, 14 = o + 4*x. What are the prime factors of 480/o + (-6)/(-33)?
2, 11
Let r be (0 - (-4 - -4))/1. Suppose r*b = 3*b + 102. Let i = 12 - b. List the prime factors of i.
2, 23
What are the prime factors of ((-11688)/(-44))/2 + (-4)/(-22)?
7, 19
Suppose -1500 = -3*v + 117. Let i = v + -277. What are the prime factors of i?
2, 131
Let m(b) = 6*b - 35. Let v be m(-6). Let q be (200/(-15))/(4/(-30)). Let d = v + q. List the prime factors of d.
29
Let a(s) = s**2 - 26*s + 8. Let n be a(13). Let g = -81 - n. What are the prime factors of g?
2, 5
Suppose -42196 = -63*p + 52*p. What are the prime factors of p?
2, 7, 137
Let c = 33 - -419. List the prime factors of c.
2, 113
Suppose 141 + 73 = 2*w. What are the prime factors of w?
107
Suppose 3*c + 64 = 4*p - 301, 5*p - 465 = 2*c. List the prime factors of p.
5, 19
Let o = 1 - 1. Let u be o + -11 + 0 + 2. List the prime factors of 26/(-3)*u/6.
13
Let z(q) = -q + 1. Let o = -12 + 7. List the prime factors of z(o).
2, 3
Let k = 11 + 1. Let u(f) = -81 + 24 + 27 + 27 + f. What are the prime factors of u(k)?
3
Let j(i) = -i**3 - 10*i**2 + 4*i + 15. Let w be j(-6). Let d = w + 218. What are the prime factors of d?
5, 13
Let g = -2190 + 3999. Suppose 15*t - g = 2166. List the prime factors of t.
5, 53
Let t(h) = h**3 + 41*h**2 - 16*h + 50. List the prime factors of t(-41).
2, 353
Let z(r) = 2*r + 31. Let x be z(5). Suppose -5*a = i - x - 126, 4*i = -a + 592. What are the prime factors of i?
3, 7
What are the prime factors of 9/(-15)*-10 + 2 + 5861?
5869
List the prime factors of ((-1)/4)/((-3)/60) + 380.
5, 7, 11
Let o = 880 + 450. What are the prime factors of o?
2, 5, 7, 19
Suppose 3*u - 12 = -0*u. Suppose 8*m = u*m. List the prime factors of (-2 - m) + -7 + 15.
2, 3
Suppose 8*f = 13 + 19. Let i(p) be the second derivative of 7*p**3/6 + 3*p**2/2 + p. What are the prime factors of i(f)?
31
Suppose -3*i - 2192 = -5*i + 2*t, 5*i = -2*t + 5473. What are the prime factors of i?
3, 5, 73
Let r be 1*(3 + -2 + 7). Let a(w) = w**3 - 8*w**2 + w - 1. Let k be a(r). Suppose -23 + k = -2*x. List the prime factors of x.
2
Suppose 29*f = 20*f + 1872. List the prime factors of f.
2, 13
Let t = 47 - 60. What are the prime factors of (t/5 + 1)*(-175)/14?
2, 5
Let j(a) = -a**2 + 7*a + 11. Let n be j(9). Let f = 2 + n. Let g = 13 + f. List the prime factors of g.
2
What are the prime factors of ((-6)/5)/((-150)/397000)?
2, 397
Suppose 0*y = y - 56. Let s = 204 - 192. Let t = y - s. List the prime factors of t.
2, 11
Suppose -14 = -8*t + t. Suppose 244 = 5*c - t*m, -132 = -3*c - 2*m + 24. What are the prime factors of c?
2, 5
Suppose -176 = 41*a - 45*a. Suppose 0 = -d + 118 - a. What are the prime factors of d?
2, 37
Let o(k) = -2*k**2 - 193*k + 52. What are the prime factors of o(-34)?
2, 3, 239
Let x = 1159 - 875. List the prime factors of x.
2, 71
Let f(u) = u**2 + 3*u + 1. Let l(c) = -c**2 - 4*c - 1. Let v(t) = -2*f(t) - 3*l(t). Let o be v(-7). Suppose o*z - 168 = 5*z. What are the prime factors of z?
2, 7
Suppose 0 = 3*v - 17 + 5. Suppose 3*l + 1 - v = 0. Let q(p) = 22*p**2 - p + 1. List the prime factors of q(l).
2, 11
Let r be (-4*(-9)/(-6))/(-2). Let x be (-78)/18*(-1 - 2). Let w = x + r. What are the prime factors of w?
2
Suppose -7*w + 3 = -81. Suppose 3*l - w = -u + 2, 18 = 5*u + 2*l. What are the prime factors of u?
2
Let v = -86 - -62. Let x = v + 47. List the prime factors of x.
23
Suppose 0 = 2*x - m - 5, -x + 8 = 4*x - 4*m. Suppose o = x*a + 6*o - 348, a = 4*o + 66. What are the prime factors of a?
2, 41
Let k(z) = -10*z**3 + 3*z**2 - z - 3. Suppose -74*w + 70*w = 8. List the prime factors of k(w).
7, 13
List the prime factors of (-2640 - 3)/(-3) - (-1 + -4).
2, 443
Let r = -866 - -1918. What are the prime factors of r?
2, 263
List the prime factors of 10/15 - (-2 - 13201/3).
7, 17, 37
Let h be (-21)/(-3)*(5 - 3). Let q = -10 + h. Suppose q*l = 2*l + 32. What are the prime factors of l?
2
Let z(h) = h**2 + 8*h - 17. Suppose -2*p - p - 39 = 3*d, -2*d + 25 = -p. What are the prime factors of z(p)?
2, 17
Let o(w) = 7*w + 9. Let b be o(-14). Let p = 151 + b. Suppose -u + p = u. What are the prime factors of u?
31
Suppose -3*r + 4 = 4*u, 3*r + 2*r = 5*u - 40. Suppose 66 = u*g - g. Let d = g + -13. List the prime factors of d.
3
Let d be 0*(1/3)/1. Let a be (d - -55) + -2 + 0. Suppose -c + a - 8 = l, 5*c - 75 = -2*l. What are the prime factors of l?
2, 5
Let o(z) = 14*z - 270. What are the prime factors of o(31)?
2, 41
Let n = 22 - -86. What are the prime factors of n?
2, 3
Let u(p) be the first derivative of p**2/2 + 27*p - 29. What are the prime factors of u(-10)?
17
Let y = -82 + 55. Let s = y + 13. Let r = 10 - s. What are the prime factors of r?
2, 3
Let v(f) = -f - 6. Let n be v(-9). Suppose -n*l = -5*l + 76. Suppose 5*k - 2*k - i - l = 0, -5*k = -5*i - 50. What are the prime factors of k?
2, 7
Suppose -4*c - 4*j + 695 = -561, 5*c - 3*j = 1578. What are the prime factors of c?
3, 5, 7
Let m = 303 - 294. Suppose 0 = 2*w - 3*a - 22, -w - 3*a + 6*a + 5 = 0. Let j = w - m. List the prime factors of j.
2
Suppose -4*x + 63 = -x. Suppose -3 = -o + x. Suppose -5*w + 66 = 2*v, w = -w - 2*v + o. What are the prime factors of w?
2, 7
Let u be 0 + 2*148/8. Suppose 0 = -f - h + 2, 5*h = 0. Suppose 0 = -3